isor of 4 and y?
4
Suppose -5*b - g = -1837, -4*b + 2*g = 4*g - 1466. Suppose 2*h = -4*k + b, 0 = -3*k + h + 96 + 170. Calculate the greatest common divisor of k and 18.
18
Suppose y = -b, 3*b + 4*y + 0 = -3. What is the greatest common factor of 3 and b?
3
Let o = -14 + 27. What is the greatest common divisor of o and 143?
13
Let t = -172 - -220. What is the highest common factor of 48 and t?
48
Let o = -65 + 160. Calculate the highest common divisor of 19 and o.
19
Let s(i) = 10*i. Let k be s(2). Let h be (3/(-2))/(12/(-1600)). Suppose 8*r = 12*r - h. What is the greatest common divisor of k and r?
10
Let r be (16/6 + -1)*3. Let x(n) = -n**2 + 10*n - 9. Let d be x(r). What is the highest common divisor of d and 2?
2
Suppose -29 - 23 = -4*v. What is the highest common factor of v and 13?
13
Let c be (-30 + 26)*7/(-2). Calculate the highest common factor of c and 35.
7
Let j(r) = 13*r + 5*r - 5*r + 5*r. Let q be j(2). Suppose -4*c + 3*y + 4 + 20 = 0, 5*c = -2*y + 53. Calculate the highest common divisor of q and c.
9
Let p(f) be the first derivative of f**3 + f + 2. Let b be p(3). Let v(j) = 7*j**2 + 7. Let l be v(-3). Calculate the greatest common factor of b and l.
14
Let j = 10 + 18. Let s = 49 - j. What is the highest common divisor of 189 and s?
21
Suppose 2*v - 112 = -6*v. Let j = 21 - v. What is the highest common divisor of 56 and j?
7
Let i(a) = 2*a - 2. Suppose -4*x = x - 35. Let o be i(x). What is the highest common factor of o and 8?
4
Suppose -2*o + 7*o - 15 = 0. What is the highest common divisor of 1 and o?
1
Suppose d - 2*q - 29 = 2*q, -3*d + 4*q = -47. Suppose 3*r - 147 - 69 = 0. What is the greatest common factor of d and r?
9
Suppose 89 = 5*b - 16. What is the greatest common divisor of 63 and b?
21
Suppose o - 18 = 2*z, -5*z + 14 = -o + 47. Calculate the highest common divisor of 40 and o.
8
Let m(c) = c**2 - 3*c - 1. Let r be m(3). Let l be ((18/(-3))/1)/r. Let h = l - -3. What is the greatest common factor of 27 and h?
9
Let t be (-33)/(-9) + 2/(-3). Suppose -t = -i + 13. Calculate the highest common factor of i and 176.
16
Let g be (-1 - 1)*3/(-2). Let l(o) = -o**2 + 4*o - 3. Let w be l(g). Suppose z - 12 = -w*z. Calculate the highest common divisor of z and 12.
12
Let t = -27 + 28. Let s(y) = -y**2 + 4*y + 3. Let i be s(4). Calculate the highest common factor of t and i.
1
Let v(d) = -d**3 + 2 + 0*d**3 + 2*d + 0*d - 2*d**2. Let x be v(-3). Let i = 11 + -6. What is the highest common divisor of x and i?
5
Let c = 55 - 36. Suppose -5*n = -3*w - c, -3*w = 2*w - 10. Let r be 1/(-4) - (-122)/8. What is the greatest common divisor of n and r?
5
Let t be (2 - 0/1)*1. Let x be (-10 - -3)*(2 + -4). Suppose t*z - x = z. Calculate the highest common factor of 7 and z.
7
Let f(g) = g**2 + 4. Let i be f(-6). Let t be i/3 + 12/18. What is the greatest common divisor of t and 42?
14
Let m be 1/(-2) + (-644)/(-8). Suppose 5*r - 3*c = -228, 0 = -r - 0*c - 4*c - 64. Let u = r - -68. What is the highest common divisor of m and u?
20
Let y = -20 - -20. Let g = y + 29. Calculate the greatest common factor of 58 and g.
29
Suppose -3 = 2*v - 5*q, -5*q - 25 = -5*v + 5. Calculate the greatest common divisor of v and 1.
1
Let d be 3*(2/3 - 68/(-6)). Let a(r) = -r**3 + 9. Let p be a(0). What is the highest common factor of d and p?
9
Suppose -x + 4*x = -9, -t - 2*x + 8 = 0. Suppose -4*r = -3*o - 20 - t, 3*o - 16 = -r. Calculate the highest common divisor of 15 and r.
5
Suppose -21 = -b + 3*p, 5*b - 15 = -4*p + p. Calculate the greatest common factor of 6 and b.
6
Let l = 0 + 1. Let g be 2/(-1) - (-9)/3. What is the highest common factor of g and l?
1
Suppose 7*a - 37 = 82. What is the highest common factor of a and 68?
17
Suppose o + 7 = -2*c, -4*o + 10 = -5*c + o. Let u = 3 - c. Let n be (-3)/(0 - (-2)/(-2)). Calculate the greatest common divisor of n and u.
3
Let t(v) = 10*v**2 + 3*v - 1. Let m be t(-3). Let d = -26 + 36. Calculate the highest common factor of d and m.
10
Let q be 3 - ((-85)/1 - 0). Let t = -10 + 21. Calculate the greatest common divisor of t and q.
11
Let s(p) = 4*p**2 + 7*p + 8. Let c be s(-6). What is the greatest common factor of 11 and c?
11
Let f = -131 - -132. Let s(q) = -q**3 - 3*q**2 - 3*q - 1. Let c be s(-2). Calculate the greatest common factor of c and f.
1
Let n = 14 - 9. Suppose 0 = 2*o - n*o - x + 7, 5*o = -2*x + 12. What is the greatest common divisor of o and 16?
2
Let p(b) = b**3 - 3*b**2 - b + 2. Let g be p(3). Let a = g + 5. Calculate the greatest common factor of a and 36.
4
Let d(c) = 9*c**3 - c**2 - 2. Let i be d(2). What is the greatest common factor of i and 6?
6
Suppose 100 = 9*s - 4*s. Let j be 16*4/(-2*4). Let q be ((5*j)/2)/(-2). What is the highest common factor of q and s?
10
Suppose 7*b - 4*z = 4*b + 127, z - 137 = -3*b. Calculate the highest common divisor of 60 and b.
15
Suppose 4*v - 182 = a, -5*v - 84 = -5*a - 319. Let j = 5 - -10. What is the highest common factor of j and v?
15
Suppose -6*v + 11 = 3*o - 2*v, -o - 5*v = 0. Suppose 4*d - o*h = 62, -3*d + 29 = -0*h + 5*h. Calculate the greatest common divisor of 13 and d.
13
Suppose 2 = t - 1. Suppose -4*x + x + t*z + 54 = 0, 0 = -x - 4*z - 2. What is the greatest common factor of 28 and x?
14
Let p be (-8)/5*(-25)/3*3. Let r be (4 - -1)/(1/2). Calculate the greatest common factor of r and p.
10
Let u be 1 - -36 - (-1 - -2). Let h = -4 + 8. Suppose -h*i + 2*i = 2*d - 4, -2*i - d + 8 = 0. What is the greatest common divisor of u and i?
6
Suppose h + 0*i + 1 = 5*i, i = -5*h + 125. What is the greatest common divisor of h and 24?
24
Let r = 17 - 6. Suppose 2*c - r = c. What is the greatest common divisor of 1 and c?
1
Let v = 1387 + -1372. Suppose -1 - 1 = 2*w. Let z be ((-2)/4)/(w/12). Calculate the highest common divisor of v and z.
3
Let f(q) = 4*q**2 + 40*q + 29. Let j(u) = u**2 + 10*u + 7. Let b(i) = -2*f(i) + 9*j(i). Let n be b(-11). What is the greatest common divisor of n and 4?
4
Let w(a) = -7*a - 21. Let k be w(-18). Calculate the greatest common factor of 30 and k.
15
Let a = -100 + 190. Calculate the highest common divisor of 10 and a.
10
Let n be (-10)/(-45) + 76/(-18). Let x = 6 + n. Suppose -v = 3*r - x*r - 40, 3*r + 5*v - 130 = 0. What is the greatest common factor of 7 and r?
7
Suppose 0 = -0*q - 3*q + 450. Suppose 8*f = 3*f + q. Calculate the highest common divisor of f and 30.
30
Let h(f) = 11*f**2 + 3*f. Let z be h(-2). Suppose 7*b = 6*b - 2*v + 101, 0 = -b - 3*v + 104. Calculate the greatest common factor of z and b.
19
Let u(g) = -23*g**2 + 2*g - 7. Let h(s) = -24*s**2 + 3*s - 8. Let b(l) = 4*h(l) - 5*u(l). Let n be b(-2). Calculate the greatest common factor of n and 30.
15
Let b = 6 + -3. Suppose 0 = -2*p + 8 - 0. Let o(r) = 5*r - 5. Let v be o(p). Calculate the greatest common divisor of v and b.
3
Let q be (-1 - (3 + -4))/(-2). Suppose c - 1 + q = 0. Let d be -1 - -2 - (-2 - -2). Calculate the greatest common divisor of d and c.
1
Let a = -3 - -14. Let h = 43 - a. Calculate the highest common factor of 8 and h.
8
Suppose -7*t + 14 = -2*t + 4*p, -2*p = -4*t + 32. Suppose 0 = 5*u - 10, -4*c + 15 + 109 = 2*u. What is the greatest common divisor of t and c?
6
Let r be 2*(-1 + 2) + 0. Let z(m) = 3*m - 13. Let j be z(6). Calculate the highest common factor of r and j.
1
Suppose w = -2*n + 16, 4*w = -3*n + w + 27. Let j = -4 + n. Suppose 2*l - 9*l = -42. Calculate the greatest common factor of l and j.
3
Let o(m) = m**3 - 2*m**2 - m + 3. Let c be o(2). Calculate the greatest common divisor of 7 and c.
1
Suppose 5*r - 9*r = -432. Calculate the greatest common divisor of r and 27.
27
Let k = 1 + 3. Suppose k*u + 3*n - 6 = 0, -n = 5*u + 3*n - 7. Suppose 0 = g + s - 23, 27 = -g + 2*g + 3*s. What is the greatest common divisor of u and g?
3
Suppose 4*f + 0*f = -2*l - 20, -l + 14 = -4*f. Let c be 130/f*(-18)/15. Calculate the highest common divisor of c and 13.
13
Suppose -7 - 1 = -4*j, 0 = 4*r - 5*j - 94. Let g = -2 + r. Calculate the highest common divisor of 4 and g.
4
Let j = 0 - -6. Suppose -4*v + j = -14. Suppose 3*c = v*z + 36 + 3, 2*c + 4*z = 4. Calculate the greatest common factor of c and 24.
8
Suppose a = -1301 - 430. Let k be 1/(-2) + a/(-6). What is the greatest common divisor of 36 and k?
36
Let o(d) = d. Let z be 